0)?
4
Let a(h) = h**2 - 19*h - 263. Give a(28).
-11
Let l(x) = -172*x + 5604. Calculate l(33).
-72
Let l(h) = 144*h - 738. Give l(5).
-18
Let y(s) = 6*s**2 - 437*s - 1840. Calculate y(-4).
4
Let s(y) = 2*y**3 + 12*y**2 - 204*y - 159. Give s(8).
1
Let m(v) = -43*v - 61. Calculate m(-6).
197
Let x(h) = -17*h - 685. What is x(-42)?
29
Let u(z) = -2*z**2 + 35*z + 2. Calculate u(4).
110
Let h(p) = -3*p**3 + 277*p**2 - 1145*p + 100. Determine h(88).
12
Let s(x) = 34*x - 1382. Determine s(41).
12
Let j(a) = -13*a + 1020. Calculate j(78).
6
Let s(q) = q**3 - 93*q**2 + 88*q + 40. Determine s(92).
-328
Let g(n) = 3*n**2 - 17*n - 97. Give g(-8).
231
Let j(c) = -c**2 - 67*c + 449. Calculate j(7).
-69
Let t(f) = -f**3 - 31*f**2 - 208*f + 55. What is t(-21)?
13
Let w(k) = k**3 + 8*k**2 - 36*k + 11. Calculate w(-10).
171
Let b(n) = -4*n**3 + n**2 - 9*n + 17. Give b(3).
-109
Let x(h) = -3*h**2 - 30*h - 32. Determine x(-1).
-5
Let v(c) = -2*c**2 - 208*c + 1323. What is v(6)?
3
Let s(l) = -3*l**2 + 36*l + 78. Give s(23).
-681
Let o(p) = 56*p - 1110. Calculate o(20).
10
Let l(v) = 3*v**2 + 31*v + 83. Determine l(-5).
3
Let b(i) = -546*i + 3274. Calculate b(6).
-2
Let t(i) = -1640*i + 21327. Calculate t(13).
7
Let g(s) = -s**3 - 49*s**2 - 89*s + 251. Calculate g(-47).
16
Let o(c) = -9*c - 89. Give o(-28).
163
Let n(d) = -1253*d + 12546. Give n(10).
16
Let y(f) = -325*f + 2311. Determine y(7).
36
Let j(b) = 168*b - 337. Calculate j(2).
-1
Let i(a) = -a**3 - 43*a**2 - 20*a - 2759. What is i(-44)?
57
Let t(b) = 30*b + 641. Determine t(-21).
11
Let q(y) = y**3 - 35*y + 7. Determine q(6).
13
Let i(g) = -220*g + 14749. Give i(67).
9
Let l(f) = 685*f + 2819. Give l(-4).
79
Let z(j) = -j**3 - j**2 + 5*j - 13. Calculate z(3).
-34
Let w(p) = -18*p - 119. Determine w(-4).
-47
Let p(j) = 109*j + 390. Give p(-4).
-46
Let a(g) = -g**3 - 102*g**2 - 2474*g + 237. Give a(-40).
-3
Let l(c) = 14*c**2 + 36*c - 20. What is l(-3)?
-2
Let o(p) = p**3 + 92*p**2 - 456*p + 2819. Calculate o(-97).
6
Let g(k) = k**3 + 19*k**2 - 40*k + 37. What is g(-21)?
-5
Let d(q) = -407*q - 4872. Determine d(-12).
12
Let y(x) = -7*x**2 - 124*x + 508. Calculate y(4).
-100
Let u(v) = 159*v - 2070. Determine u(13).
-3
Let b(a) = -4*a - 60. Determine b(-17).
8
Let b(i) = 33*i**2 - 338*i - 1742. Calculate b(14).
-6
Let d(x) = x**3 + 81*x**2 - 254*x + 142. Calculate d(-84).
310
Let z(i) = -2*i**3 - 138*i**2 - i + 163. Determine z(-69).
232
Let g(w) = w**2 - 98*w + 1595. Give g(34).
-581
Let q(h) = -32*h + 350. Give q(13).
-66
Let k(s) = -s**3 + 34*s**2 - 115*s - 104. Determine k(30).
46
Let f(k) = 4*k - 2. What is f(14)?
54
Let h(a) = -14*a**2 - 3*a. What is h(-1)?
-11
Let c(z) = -52*z - 496. Determine c(-19).
492
Let u(b) = -26015*b + 234145. What is u(9)?
10
Let p(o) = 7*o**3 + 52*o**2 - 2*o - 167. Determine p(-7).
-6
Let d(y) = -2*y**2 - 206*y - 2159. Give d(-12).
25
Let m(b) = 86*b**3 - 3*b**2 - 289*b + 291. Calculate m(1).
85
Let a(i) = -100*i**3 - 2. Determine a(1).
-102
Let i(x) = 50*x + 2391. Give i(-48).
-9
Let p(i) = 163*i**3 + 2*i**2 - 6*i + 4. What is p(1)?
163
Let v(b) = b**3 - 11*b**2 + 33*b + 25. Determine v(7).
60
Let m(g) = -g**2 - 121*g + 3458. Give m(-145).
-22
Let u(c) = 41*c**2 - 17*c + 56. Determine u(2).
186
Let l(x) = 3*x**3 + 25*x**2 + 14*x + 4. What is l(-7)?
102
Let f(t) = -262*t + 19. Determine f(2).
-505
Let c(j) = -52*j**2 + 42*j + 2. Calculate c(1).
-8
Let i(q) = -556*q + 14453. Calculate i(26).
-3
Let y(x) = 953*x + 60997. What is y(-64)?
5
Let o(d) = -d**2 + 24*d + 687. Determine o(-17).
-10
Let x(q) = 100*q - 562. What is x(17)?
1138
Let l(s) = s**3 - 40*s**2 + 232*s - 38. Determine l(33).
-5
Let d(t) = 9*t**2 - t - 20. Determine d(6).
298
Let w(l) = -l**3 - 27*l**2 - 10*l - 274. What is w(-27)?
-4
Let j(d) = -1601*d + 6431. Determine j(4).
27
Let n(k) = k**3 - 9*k**2 - 2*k - 2. What is n(4)?
-90
Let n(q) = -14*q**2 + 445*q + 101. Give n(32).
5
Let b(g) = -30*g**2 - 2*g + 10. Determine b(-3).
-254
Let w(h) = -h**3 + 41*h**2 + 33*h + 370. Determine w(42).
-8
Let s(m) = -52*m - 106. Give s(8).
-522
Let q(t) = -71*t - 1358. Determine q(-19).
-9
Let k(p) = p**3 - p**2 + 6*p + 9. Give k(0).
9
Let s(w) = w**2 - 50*w - 203. Give s(-4).
13
Let l(s) = -53*s + 112. Give l(3).
-47
Let n(m) = -m**3 - 34*m**2 + 43*m - 23. What is n(-35)?
-303
Let n(m) = m**2 + 96*m + 778. Give n(-87).
-5
Let r(v) = 701*v + 19632. Calculate r(-28).
4
Let t(k) = -28*k - 283. What is t(-7)?
-87
Let q(b) = b**3 + 38*b**2 + 245*b + 146. Calculate q(-30).
-4
Let m(r) = -2*r**2 - 138*r + 466. Give m(-75).
-434
Let s(r) = -28*r**2 + 71*r - 69. Calculate s(1).
-26
Let g(f) = 2075*f + 22828. Give g(-11).
3
Let l(k) = k**3 + 64*k**2 - 42*k - 2683. Determine l(-64).
5
Let l(a) = a**3 - 10*a**2 - 234*a + 98. Give l(21).
35
Let a(o) = -8*o**2 - 2262*o - 6164. Calculate a(-280).
-4
Let m(w) = 10*w + 102. Determine m(4).
142
Let c(n) = n**3 + 40*n**2 - 177*n + 2. What is c(-44)?
46
Let j(n) = -17*n - 209. What is j(-12)?
-5
Let w(t) = 21*t**2 + 123*t - 844. Give w(-10).
26
Let l(r) = r**3 - 9*r**2 + 8*r + 18. Determine l(9).
90
Let y(g) = -320*g + 917. Calculate y(3).
-43
Let c(k) = -13*k + 332. What is c(24)?
20
Let w(b) = -b**3 - 5*b**2 - 29*b - 87. Give w(-4).
13
Let d(v) = -v**3 - 23*v**2 - 230*v - 2179. Determine d(-17).
-3
Let h(y) = y**3 - 8*y**2 - 6*y + 67. What is h(7)?
-24
Let l(g) = 592*g - 25462. Determine l(43).
-6
Let f(x) = 84*x + 257. Give f(-2).
89
Let f(i) = -9*i + 244. Give f(32).
-44
Let d(p) = p**3 - 10*p**2 - 41*p + 13. What is d(14)?
223
Let t(p) = -58*p - 1921. Determine t(-32).
-65
Let b(t) = -225*t - 1382. Determine b(-6).
-32
Let z(q) = -q**3 - 41*q**2 - 128*q - 48. What is z(-3)?
-6
Let c(n) = 18*n + 416. Give c(-23).
2
Let k(h) = 11071*h - 33211. Determine k(3).
2
Let i(k) = -209*k - 2517. Calculate i(-12).
-9
Let x(r) = r**3 + 318*r**2 - 1613*r + 659. What is x(-323)?
13
Let x(i) = i**3 + 98*i**2 - 98*i + 93. What is x(-99)?
-6
Let z(b) = -2*b**3 + 11*b**2 + 9*b + 4. Give z(6).
22
Let h(w) = w**2 + 74*w + 1001. Give h(-57).
32
Let i(b) = -269*b - 7269. Determine i(-27).
-6
Let z(o) = 126*o - 701. Give z(7).
181
Let j(n) = -58*n - 694. Determine j(-14).
118
Let q(l) = l**3 - 22*l**2 + 71*l - 22. What is q(3)?
20
Let a(w) = -3*w**3 - 44*w**2 + 61*w - 47. Give a(-16).
1
Let r(b) = -27*b**3 - b**2 - 20*b + 19. Calculate r(3).
-779
Let o(b) = -b**3 - 203*b**2 + 834*b + 1252. Determine o(-207).
10
Let i(s) = -7*s**2 + 300*s - 3136. Calculate i(18).
-4
Let p(q) = -15*q**2 + 99*q + 29. What is p(7)?
-13
Let d(z) = -1398*z - 60100. Give d(-43).
14
Let l(o) = -221*o + 4192. Give l(19).
-7
Let g(o) = 2*o**3 - 132*o**2 + 130*o + 61. Determine g(65).
61
Let k(q) = q**3 - 15*q**2 - 4*q - 249. Give k(16).
-57
Let c(j) = 16*j - 67. Give c(-9).
-211
Let p(w) = -15*w**3 - 25*w**2 - 35*w - 11. What is p(-1)?
14
Let h(o) = -7*o**2 + 849*o + 848. Determine h(-1).
-8
Let b(w) = -w**3 - 9*w**2 - 153*w - 2269. Calculate b(-12).
-1
Let o(a) = 2*a**3 - 14*a**2 + 71*a - 329. Determine o(6).
25
Let v(b) = -104*b + 5078. Determine v(49).
-18
Let g(z) = z**3 + 100*z**2 + 818*z - 82. Give g(-91).
9
Let g(v) = v**2 + 15*v + 125. Calculate g(-14).
111
Let s(m) = -m**2 + 94*m + 26. Calculate s(96).
-166
Let v(x) = -2*x**2 + 2*x + 163. Calculate v(0).
163
Let a(h) = 26*h**2 - 261*h + 65. Give a(10).
55
Let n(v) = -v**3 + 18*v**2 - 11*v - 87. Determine n(18).
-285
Let i(s) = 54208*s - 325241. Determine i(6).
7
Let l(x) = x**2 + 13*x - 597. What is l(17)?
-87
Let i(m) = 70*m**3 - 11*m**2 - 10*m + 1. Give i(-1).
-70
Let o(m) = m**3 - 16*m**2 - 1094*m - 47. What is o(-26)?
5
Let o(h) = -2*h**2 - 611*h - 10095. What is o(-288)?
-15
Let o(y) = 6*y - 136. Give o(26).
20
Let k(r) = 4*r**2 + 77*r + 103. What is k(-18)?
13
Let j(a) = 471*a + 41909. Give j(-89).
-10
Let k(y) = -y**3 + 39*y**2 - 12*y + 91. Determine k(39).
-377
Let n(g) = 268*g + 551. Determine n(-2).
15
Let p(a) = 4128*a + 74305. Determine p(-18).
1
Let v(b) = b**2 + 7*b + 7. Give v(-6).
1
Let x(b) = -1043*b - 5603. Give x(-5).
-388
Let o(s) = s**3 - 53*s**2 + 5*s - 320. What is o(53)?
-55
Let x(b) = 6*b**2 - 91*b - 95. Determine x(16).
-15
Let h(a) = -a**3 + 32*a**2 + 34*a - 2. Calculate h(33).
31
Let z(q) = -q**3 + 14*q**2 + 56*q - 765. Give z(15).
-150
Let j(s) =